digit of 390124?
9
What is the units digit of 3070?
0
What is the thousands digit of 3033099?
3
What is the hundred thousands digit of 736387?
7
What is the units digit of 1025829?
9
What is the units digit of 6451189?
9
What is the tens digit of 10334399?
9
What is the units digit of 9567463?
3
What is the hundred thousands digit of 14082990?
0
What is the hundreds digit of 121364?
3
What is the hundreds digit of 47870?
8
What is the units digit of 3596579?
9
What is the tens digit of 10949119?
1
What is the hundreds digit of 1732012?
0
What is the hundred thousands digit of 265558?
2
What is the ten thousands digit of 401772?
0
What is the thousands digit of 7110614?
0
What is the hundred thousands digit of 2929673?
9
What is the hundred thousands digit of 8980284?
9
What is the ten thousands digit of 1184237?
8
What is the units digit of 26482470?
0
What is the ten thousands digit of 623500?
2
What is the units digit of 4071420?
0
What is the units digit of 5631774?
4
What is the hundred thousands digit of 242921?
2
What is the thousands digit of 3259946?
9
What is the hundred thousands digit of 238630?
2
What is the thousands digit of 4955063?
5
What is the hundreds digit of 17726388?
3
What is the thousands digit of 261011?
1
What is the tens digit of 1235396?
9
What is the ten thousands digit of 636457?
3
What is the ten thousands digit of 856297?
5
What is the hundreds digit of 16138128?
1
What is the thousands digit of 418859?
8
What is the tens digit of 552735?
3
What is the hundreds digit of 319804?
8
What is the hundred thousands digit of 403849?
4
What is the hundreds digit of 8941656?
6
What is the tens digit of 60236?
3
What is the ten thousands digit of 850253?
5
What is the hundreds digit of 1236888?
8
What is the tens digit of 4765626?
2
What is the thousands digit of 1310972?
0
What is the hundred thousands digit of 20419109?
4
What is the units digit of 666258?
8
What is the units digit of 862756?
6
What is the ten thousands digit of 342908?
4
What is the hundred thousands digit of 349440?
3
What is the millions digit of 4093312?
4
What is the ten thousands digit of 6272506?
7
What is the units digit of 4490803?
3
What is the thousands digit of 209612?
9
What is the hundred thousands digit of 986471?
9
What is the ten thousands digit of 784889?
8
What is the hundreds digit of 180601?
6
What is the tens digit of 828763?
6
What is the hundred thousands digit of 442483?
4
What is the hundred thousands digit of 529066?
5
What is the millions digit of 1750337?
1
What is the millions digit of 2789104?
2
What is the hundred thousands digit of 246076?
2
What is the ten millions digit of 12068525?
1
What is the hundreds digit of 168148?
1
What is the thousands digit of 1710723?
0
What is the ten thousands digit of 339200?
3
What is the thousands digit of 6041272?
1
What is the hundreds digit of 221012?
0
What is the tens digit of 167003?
0
What is the units digit of 289151?
1
What is the hundred thousands digit of 149126?
1
What is the units digit of 108722?
2
What is the millions digit of 8275685?
8
What is the ten thousands digit of 314457?
1
What is the hundreds digit of 1667?
6
What is the ten thousands digit of 218743?
1
What is the thousands digit of 15636271?
6
What is the units digit of 4661377?
7
What is the millions digit of 21205529?
1
What is the tens digit of 886493?
9
What is the hundreds digit of 1456844?
8
What is the thousands digit of 257407?
7
What is the tens digit of 1847748?
4
What is the tens digit of 3622328?
2
What is the hundreds digit of 1933025?
0
What is the hundred thousands digit of 4187112?
1
What is the tens digit of 1565352?
5
What is the tens digit of 6795453?
5
What is the tens digit of 448697?
9
What is the tens digit of 412483?
8
What is the thousands digit of 35063?
5
What is the hundreds digit of 12460543?
5
What is the tens digit of 371181?
8
What is the ten thousands digit of 1056628?
5
What is the units digit of 467028?
8
What is the tens digit of 12190808?
0
What is the hundreds digit of 58106?
1
What is the ten thousands digit of 726899?
2
What is the thousands digit of 96549?
6
What is the tens digit of 354200?
0
What is the hundreds digit of 216532?
5
What is the thousands digit of 1954684?
4
What is the thousands digit of 724586?
4
What is the hundred thousands digit of 22416311?
4
What is the hundreds digit of 1305003?
0
What is the tens digit of 2158723?
2
What is the units digit of 1405755?
5
What is the units digit of 124208?
8
What is the units digit of 338405?
5
What is the units digit of 886554?
4
What is the hundred thousands digit of 9422831?
4
What is the tens digit of 4298892?
9
What is the units digit of 2444515?
5
What is the ten thousands digit of 3489973?
8
What is the thousands digit of 414345?
4
What is the hundred thousands digit of 219505?
2
What is the thousands digit of 19182720?
2
What is the units digit of 77983?
3
What is the hundred thousands digit of 314685?
3
What is the hundreds digit of 39930?
9
What is the thousands digit of 504089?
4
What is the tens digit of 1461284?
8
What is the units digit of 9796179?
9
What is the hundred thousands digit of 134189?
1
What is the millions digit of 3243085?
3
What is the hundreds digit of 241659?
6
What is the units digit of 959129?
9
What is the hundreds digit of 11142946?
9
What is the tens digit of 2054167?
6
What is the tens digit of 69467?
6
What is the tens digit of 978341?
4
What is the ten thousands digit of 687744?
8
What is the tens digit of 352971?
7
What is the tens digit of 777101?
0
What is the ten thousands digit of 123219?
2
What is the ten thousands digit of 19750?
1
What is the hundreds digit of 2258090?
0
What is the millions digit of 1980610?
1
What is the thousands digit of 780371?
0
What is the thousands digit of 281339?
1
What is the thousands digit of 49309?
9
What is the ten thousands digit of 825752?
2
What is the thousands digit of 33582713?
2
What is the tens digit of 1036514?
1
What is the units digit of 216420?
0
What is the thousands digit of 3516972?
6
What is the thousands digit of 3501154?
1
What is the hundreds digit of 14585691?
6
What is the hundred thousands digit of 1895174?
8
What is the tens digit of 5428150?
5
What is the thousands digit of 25327364?
7
What is the units digit of 261589?
9
What is the millions digit of 6126794?
6
What is the hundred thousands digit of 7292715?
2
What is the units digit of 2160739?
9
What is the hundreds digit of 2345568?
5
What is the hundreds digit of 273110?
1
What is the hundreds digit of 822985?
9
What is the thousands digit of 86072?
6
What is the hundreds digit of 27654339?
3
What is the thousands digit of 131600?
1
What is the units digit of 23298041?
1
What is the hundred thousands digit of 5413293?
4
What is the ten millions digit of 10525506?
1
What is the ten thousands digit of 860548?
6
What is the thousands digit of 7383864?
3
What is the thousands digit of 473797?
3
What is the thousands digit of 39389?
9
What is the hundreds digit of 761953?
9
What is the tens digit of 1133472?
7
What is the hundreds digit of 1216282?
2
What is the units digit of 3370347?
7
What is the hundred thousands digit of 10625065?
6
What is the thousands digit of 3071156?
1
What is the units digit of 267675?
5
What is the thousands digit of 434597?
4
What is the units digit of 19129652?
2
What is the ten thousands digit of 606758?
0
What is the thousands digit of 72901?
2
What is the hundred thousands digit of 514127?
5
What is the tens digit of 7157695?
9
What is the tens digit of 633418?
1
What is the tens digit of 16880046?
4
What is the hundred thousands digit of 996716?
9
What is the ten thousands digit of 3096221?
9
What is the hundreds digit of 1709978?
9
What is the ten thousands digit of 548436?
4
What is the hundred thousands digit of 17073023?
0
What is the hundred thousands digit of 142716?
1
What is the units digit of 11324157?
7
What is the thousands digit of 1846672?
6
What is the ten thousands digit of 1376419?
7
What is the hundred thousands digit of 153246?
1
What is the ten thousands digit of 3462156?
6
What is the thousands digit of 12424220?
4
What is the thousands digit of 18223431?
3
What is the tens digit of 1327148?
4
What is t